 the remainder when 512269 is divided by 729?
511
What is the remainder when 1219974 is divided by 1230?
1044
What is the remainder when 1343473 is divided by 67172?
33
Calculate the remainder when 20069468 is divided by 136.
84
Calculate the remainder when 57451 is divided by 25185.
7081
Calculate the remainder when 64984644 is divided by 139452.
12
Calculate the remainder when 6307182 is divided by 694.
110
Calculate the remainder when 79875 is divided by 39284.
1307
What is the remainder when 331482 is divided by 106?
20
What is the remainder when 6272066 is divided by 7?
3
Calculate the remainder when 130437 is divided by 2405.
567
Calculate the remainder when 2329308 is divided by 17646.
36
What is the remainder when 98469539 is divided by 1660?
1659
Calculate the remainder when 5773826 is divided by 360857.
114
Calculate the remainder when 4480167 is divided by 22.
21
Calculate the remainder when 23939 is divided by 5564.
1683
Calculate the remainder when 26672 is divided by 8853.
113
What is the remainder when 508814 is divided by 2893?
2539
Calculate the remainder when 164043936 is divided by 63.
0
Calculate the remainder when 50401820 is divided by 16.
12
What is the remainder when 83149 is divided by 9566?
6621
Calculate the remainder when 701954 is divided by 1046.
88
Calculate the remainder when 3587042 is divided by 106.
2
Calculate the remainder when 54697002 is divided by 1741.
5
What is the remainder when 29235027 is divided by 609063?
3
What is the remainder when 1657639 is divided by 236804?
11
What is the remainder when 23566062 is divided by 604258?
0
What is the remainder when 17336546 is divided by 131?
6
Calculate the remainder when 5812295 is divided by 5812098.
197
Calculate the remainder when 13549 is divided by 3117.
1081
What is the remainder when 2833453 is divided by 1507?
293
Calculate the remainder when 25425231 is divided by 2.
1
What is the remainder when 3320706 is divided by 112?
18
Calculate the remainder when 2662137 is divided by 665329.
821
What is the remainder when 715467970 is divided by 1718?
1716
What is the remainder when 140703 is divided by 7024?
223
Calculate the remainder when 26167 is divided by 1012.
867
Calculate the remainder when 672847 is divided by 42.
7
Calculate the remainder when 12382000 is divided by 1206.
1204
Calculate the remainder when 102792558 is divided by 338.
336
Calculate the remainder when 2814933 is divided by 312768.
21
What is the remainder when 2021993 is divided by 3110?
493
Calculate the remainder when 237881672 is divided by 846.
8
What is the remainder when 1313155 is divided by 531?
523
What is the remainder when 2531359 is divided by 87286?
65
What is the remainder when 23070 is divided by 141?
87
Calculate the remainder when 102508 is divided by 22801.
11304
What is the remainder when 7542 is divided by 1829?
226
What is the remainder when 376573 is divided by 4483?
1
What is the remainder when 920883 is divided by 7251?
6
Calculate the remainder when 43849 is divided by 373.
208
What is the remainder when 1115271 is divided by 19565?
66
What is the remainder when 91170 is divided by 2330?
300
Calculate the remainder when 291312 is divided by 418.
384
What is the remainder when 67180 is divided by 8309?
708
Calculate the remainder when 5580861 is divided by 54.
15
Calculate the remainder when 37751357 is divided by 2.
1
Calculate the remainder when 4830881 is divided by 5.
1
What is the remainder when 24635 is divided by 4150?
3885
What is the remainder when 130569136 is divided by 22423?
7
Calculate the remainder when 3240176 is divided by 314.
10
Calculate the remainder when 83650773 is divided by 264.
261
Calculate the remainder when 31301444 is divided by 9269.
31
What is the remainder when 396585 is divided by 53?
39
What is the remainder when 250608 is divided by 129?
90
Calculate the remainder when 1031260 is divided by 2058.
202
What is the remainder when 16883521 is divided by 2064?
1
Calculate the remainder when 2166114 is divided by 1393.
1392
What is the remainder when 301389 is divided by 54?
15
Calculate the remainder when 441196 is divided by 146903.
487
Calculate the remainder when 50193 is divided by 168.
129
Calculate the remainder when 3864483 is divided by 7104.
7011
Calculate the remainder when 4413217 is divided by 9.
4
Calculate the remainder when 1004053 is divided by 50198.
93
What is the remainder when 103547713 is divided by 3411?
3397
Calculate the remainder when 93802731 is divided by 29.
27
Calculate the remainder when 161851 is divided by 32310.
301
What is the remainder when 14481659 is divided by 642?
65
What is the remainder when 30487045 is divided by 782?
775
What is the remainder when 127089 is divided by 178?
175
Calculate the remainder when 552336 is divided by 17259.
48
Calculate the remainder when 54258525 is divided by 573.
9
What is the remainder when 273203 is divided by 136596?
11
Calculate the remainder when 1145508 is divided by 1141.
1085
What is the remainder when 22426450 is divided by 800944?
18
Calculate the remainder when 9588428 is divided by 3196049.
281
What is the remainder when 119435 is divided by 16664?
2787
What is the remainder when 46079295 is divided by 445?
435
Calculate the remainder when 135970 is divided by 149.
82
What is the remainder when 277692 is divided by 30845?
87
What is the remainder when 25266133 is divided by 71?
2
What is the remainder when 1186321 is divided by 3268?
37
What is the remainder when 1499438 is divided by 5?
3
Calculate the remainder when 39382919 is divided by 2081.
2075
Calculate the remainder when 634225 is divided by 692.
353
Calculate the remainder when 133976 is divided by 3045.
3041
What is the remainder when 107372 is divided by 53503?
366
What is the remainder when 953012 is divided by 158831?
26
What is the remainder when 7758927 is divided by 277100?
127
Calculate the remainder when 24643 is divided by 7531.
2050
Calculate the remainder when 2040955 is divided by 130.
85
Calculate the remainder when 396190 is divided by 740.
290
Calculate the remainder when 3485942 is divided by 75.
17
What is the remainder when 1155063 is divided by 26?
13
Calculate the remainder when 35261 is divided by 1497.
830
What is the remainder when 582684 is divided by 291340?
4
What is the remainder when 879682 is divided by 110?
12
What is the remainder when 417467 is divided by 936?
11
What is the remainder when 819041 is divided by 272992?
65
What is the remainder when 1003046 is divided by 111436?
122
What is the remainder when 187012973 is divided by 62337651?
20
What is the remainder when 63722786 is divided by 2953?
2952
What is the remainder when 2223921 is divided by 444771?
66
What is the remainder when 307370 is divided by 484?
30
Calculate the remainder when 7654696 is divided by 27338.
56
Calculate the remainder when 369825195 is divided by 317.
315
Calculate the remainder when 24428 is divided by 76.
32
What is the remainder when 115161 is divided by 9588?
105
What is the remainder when 650212 is divided by 40?
12
Calculate the remainder when 21185395 is divided by 123.
121
What is the remainder when 6682118 is divided by 712?
710
Calculate the remainder when 83901119 is divided by 960.
959
Calculate the remainder when 2484174 is divided by 20530.
44
What is the remainder when 19681662 is divided by 3193?
10
Calculate the remainder when 10561307 is divided by 35801.
12
What is the remainder when 61677018 is divided by 17?
15
What is the remainder when 4321486 is divided by 416?
78
What is the remainder when 124505490 is divided by 27?
12
What is the remainder when 39977364 is divided by 1897?
1883
Calculate the remainder when 695963 is divided by 395.
368
What is the remainder when 159411 is divided by 1219?
941
Calculate the remainder when 8489732 is divided by 2639.
69
Calculate the remainder when 507793 is divided by 823.
2
What is the remainder when 12726569 is divided by 212?
209
What is the remainder when 7974794 is divided by 1547?
9
Calculate the remainder when 2502 is divided by 118.
24
What is the remainder when 2027842 is divided by 457?
133
Calculate the remainder when 4433572 is divided by 834.
28
What is the remainder when 351613 is divided by 564